{"id":100,"date":"2022-06-06T07:45:56","date_gmt":"2022-06-06T07:45:56","guid":{"rendered":"https:\/\/susannescheike.de\/?page_id=100"},"modified":"2022-06-24T13:43:14","modified_gmt":"2022-06-24T13:43:14","slug":"impressum","status":"publish","type":"page","link":"https:\/\/susannescheike.de\/?page_id=100","title":{"rendered":"Impressum"},"content":{"rendered":"<p><span style=\"width: 100%;\"><img decoding=\"async\" alt=\"\" width=\"180\" height=\"120\" title=\"Neu Logo 2\" data-id=\"90\" src=\"https:\/\/susannescheike.de\/wp-content\/uploads\/2022\/06\/Neu-Logo-2.jpg\" style=\"\" data-width=\"180\" data-height=\"120\" data-init-width=\"750\" data-init-height=\"500\" loading=\"lazy\"><\/span><\/p>\n<p style=\"text-align: center;\"><span style=\"font-size: 40px;\">Impressum<\/span><span style=\"font-weight: normal;\"><\/span><\/p>\n<p style=\"text-align: center;\"><span style=\"font-size: 40px;\"><\/span><span style=\"\"><\/span><\/p>\n<p>Susanne ScheikeEichicht 39<\/p>\n<p>07768 Kahla<\/p>\n<\/p>\n<p>E-Mail: info@susannescheike.deTelefon: auf AnfrageWebsite: www.susannescheike.de<\/p>\n<\/p>\n<p style=\"\"><strong>Verantwortlich f\u00fcr redaktionelle Inhalte<\/strong>Susanne Scheike<\/p>\n<p style=\"\"><strong>Umsatzsteuer-Identifikationsnummer<\/strong>beantragt<\/p>\n<p style=\"\"><strong>Verbraucher-Streitschlichtung<\/strong>Die EU-Kommission hat eine Internetplattform zur Online-Beilegung von Streitigkeiten betreffend vertraglicher Verpflichtungen aus Online-Vertr\u00e4gen geschaffen (OS-Plattform). Sie k\u00f6nnen die OS-Plattform unter dem folgenden Link erreichen:&nbsp;<a href=\"http:\/\/ec.europa.eu\/consumers\/odr\/\" style=\"outline: none;\">http:\/\/ec.europa.eu\/consumers\/odr\/<\/a>. Wir sind nicht bereit und nicht verpflichtet an einem Streitbeilegungsverfahren vor einer Verbraucherschlichtungsstelle teilzunehmen.<\/p>\n<p style=\"\"><strong>Haftung f\u00fcr Links<\/strong>Externe Links unserer Internetseite f\u00fchren zu Inhalten fremder Anbieter. F\u00fcr diese Inhalte ist allein der jeweilige Anbieter verantwortlich. Bei bekannt werden von Rechtsverletzungen werden diese Links umgehend entfernt.<\/p>\n<p style=\"\"><strong>Urheberrechtshinweis<\/strong>Die durch uns erstellten Inhalte und Werke auf dieser Website unterliegen dem deutschen Urheberrecht. Die Vervielf\u00e4ltigung, Bearbeitung, Verbreitung und jede Art der Verwertung au\u00dferhalb der Grenzen des Urheberrechtes bed\u00fcrfen der schriftlichen Zustimmung des jeweiligen Autors bzw. Erstellers. Soweit die Inhalte auf dieser Seite nicht von uns selbst erstellt wurden, werden Urheberrechte Dritter beachtet. Insbesondere werden Inhalte Dritter als solche gekennzeichnet. Sollten Sie trotzdem auf eine Urheberrechtsverletzung aufmerksam werden, wird um einen entsprechenden Hinweis gebeten. Bei Bekanntwerden von Rechtsverletzungen werden wir derartige Inhalte umgehend entfernen.<\/p>\n<\/p>\n<p>Copyright \u00a9 2022<span style=\"color: rgb(167, 167, 167);\"><a href=\"https:\/\/susannescheike.de\/?page_id=110\" style=\"outline: none;\" target=\"_blank\" rel=\"noopener\"><span>Datenschutzerkl\u00e4rung<\/span><\/a><\/span><\/p>\n","protected":false},"excerpt":{"rendered":"<p>Impressum Susanne ScheikeEichicht 39 07768 Kahla E-Mail: info@susannescheike.deTelefon: auf AnfrageWebsite: www.susannescheike.de Verantwortlich f\u00fcr redaktionelle InhalteSusanne Scheike Umsatzsteuer-Identifikationsnummerbeantragt Verbraucher-StreitschlichtungDie EU-Kommission hat eine Internetplattform zur Online-Beilegung von Streitigkeiten betreffend vertraglicher Verpflichtungen aus Online-Vertr\u00e4gen geschaffen (OS-Plattform). Sie k\u00f6nnen die OS-Plattform unter dem folgenden Link erreichen:&nbsp;http:\/\/ec.europa.eu\/consumers\/odr\/. Wir sind nicht bereit und nicht verpflichtet an einem Streitbeilegungsverfahren vor einer Verbraucherschlichtungsstelle [&hellip;]<\/p>\n","protected":false},"author":1,"featured_media":0,"parent":0,"menu_order":0,"comment_status":"closed","ping_status":"closed","template":"","meta":{"footnotes":""},"class_list":["post-100","page","type-page","status-publish","hentry"],"_links":{"self":[{"href":"https:\/\/susannescheike.de\/index.php?rest_route=\/wp\/v2\/pages\/100","targetHints":{"allow":["GET"]}}],"collection":[{"href":"https:\/\/susannescheike.de\/index.php?rest_route=\/wp\/v2\/pages"}],"about":[{"href":"https:\/\/susannescheike.de\/index.php?rest_route=\/wp\/v2\/types\/page"}],"author":[{"embeddable":true,"href":"https:\/\/susannescheike.de\/index.php?rest_route=\/wp\/v2\/users\/1"}],"replies":[{"embeddable":true,"href":"https:\/\/susannescheike.de\/index.php?rest_route=%2Fwp%2Fv2%2Fcomments&post=100"}],"version-history":[{"count":11,"href":"https:\/\/susannescheike.de\/index.php?rest_route=\/wp\/v2\/pages\/100\/revisions"}],"predecessor-version":[{"id":155,"href":"https:\/\/susannescheike.de\/index.php?rest_route=\/wp\/v2\/pages\/100\/revisions\/155"}],"wp:attachment":[{"href":"https:\/\/susannescheike.de\/index.php?rest_route=%2Fwp%2Fv2%2Fmedia&parent=100"}],"curies":[{"name":"wp","href":"https:\/\/api.w.org\/{rel}","templated":true}]}}