{"id":47,"date":"2022-05-30T13:40:58","date_gmt":"2022-05-30T13:40:58","guid":{"rendered":"https:\/\/susannescheike.de\/?page_id=47"},"modified":"2022-06-24T11:57:25","modified_gmt":"2022-06-24T11:57:25","slug":"bewerbung","status":"publish","type":"page","link":"https:\/\/susannescheike.de\/?page_id=47","title":{"rendered":"Bewerbung"},"content":{"rendered":"<p style=\"text-align: center;\">\n<p><span style=\"\"><img decoding=\"async\" alt=\"\" data-id=\"90\" width=\"180\" data-init-width=\"750\" height=\"120\" data-init-height=\"500\" title=\"Neu Logo 2\" loading=\"lazy\" src=\"https:\/\/susannescheike.de\/wp-content\/uploads\/2022\/06\/Neu-Logo-2.jpg\" data-width=\"180\" data-height=\"120\" style=\"\" ml-d=\"0\" mt-d=\"0\"><\/span><\/p>\n<p style=\"text-align: center;\">\n<p style=\"text-align: center;\"><strong>Dein kostenloses Beratungsgespr\u00e4ch<\/strong><strong><span style=\"font-size: 19px;\"><\/span><\/strong><em><span style=\"font-size: 19px;\">Bitte f\u00fclle dieses kurze Formular aus, damit ich wei\u00df, wie ich dir helfen kann:<\/span><\/em><\/p>\n<p>        [tcb-script type=&#8220;text\/javascript&#8220;]      var ifr = document.getElementById(&#8222;JotFormIFrame-221491654710049&#8220;);      if (ifr) {        var src = ifr.src;        var iframeParams = [];        if (window.location.href &amp;&amp; window.location.href.indexOf(&#8222;?&#8220;) &gt; -1) {          iframeParams = iframeParams.concat(window.location.href.substr(window.location.href.indexOf(&#8222;?&#8220;) + 1).split(&#8218;&amp;&#8216;));        }        if (src &amp;&amp; src.indexOf(&#8222;?&#8220;) &gt; -1) {          iframeParams = iframeParams.concat(src.substr(src.indexOf(&#8222;?&#8220;) + 1).split(&#8222;&amp;&#8220;));          src = src.substr(0, src.indexOf(&#8222;?&#8220;))        }        iframeParams.push(&#8222;isIframeEmbed=1&#8220;);        ifr.src = src + &#8222;?&#8220; + iframeParams.join(&#8218;&amp;&#8216;);      }      window.handleIFrameMessage = function(e) {        if (typeof e.data === &#8218;object&#8216;) { return; }        var args = e.data.split(&#8222;:&#8220;);        if (args.length &gt; 2) { iframe = document.getElementById(&#8222;JotFormIFrame-&#8220; + args[(args.length &#8211; 1)]); } else { iframe = document.getElementById(&#8222;JotFormIFrame&#8220;); }        if (!iframe) { return; }        switch (args[0]) {          case &#8222;scrollIntoView&#8220;:            iframe.scrollIntoView();            break;          case &#8222;setHeight&#8220;:            iframe.style.height = args[1] + &#8222;px&#8220;;            break;          case &#8222;collapseErrorPage&#8220;:            if (iframe.clientHeight &gt; window.innerHeight) {              iframe.style.height = window.innerHeight + &#8222;px&#8220;;            }            break;          case &#8222;reloadPage&#8220;:            window.location.reload();            break;          case &#8222;loadScript&#8220;:            if( !window.isPermitted(e.origin, [&#8218;jotform.com&#8216;, &#8218;jotform.pro&#8216;]) ) { break; }            var src = args[1];            if (args.length &gt; 3) {                src = args[1] + &#8218;:&#8216; + args[2];            }            var script = document.createElement(&#8217;script&#8216;);            script.src = src;            script.type = &#8218;text\/javascript&#8216;;            document.body.appendChild(script);            break;          case &#8222;exitFullscreen&#8220;:            if      (window.document.exitFullscreen)        window.document.exitFullscreen();            else if (window.document.mozCancelFullScreen)   window.document.mozCancelFullScreen();            else if (window.document.mozCancelFullscreen)   window.document.mozCancelFullScreen();            else if (window.document.webkitExitFullscreen)  window.document.webkitExitFullscreen();            else if (window.document.msExitFullscreen)      window.document.msExitFullscreen();            break;        }        var isJotForm = (e.origin.indexOf(&#8222;jotform&#8220;) &gt; -1) ? true : false;        if(isJotForm &amp;&amp; &#8222;contentWindow&#8220; in iframe &amp;&amp; &#8222;postMessage&#8220; in iframe.contentWindow) {          var urls = {&#8222;docurl&#8220;:encodeURIComponent(document.URL),&#8220;referrer&#8220;:encodeURIComponent(document.referrer)};          iframe.contentWindow.postMessage(JSON.stringify({&#8222;type&#8220;:&#8220;urls&#8220;,&#8220;value&#8220;:urls}), &#8222;*&#8220;);        }      };      window.isPermitted = function(originUrl, whitelisted_domains) {        var url = document.createElement(&#8218;a&#8216;);        url.href = originUrl;        var hostname = url.hostname;        var result = false;        if( typeof hostname !== &#8218;undefined&#8216; ) {          whitelisted_domains.forEach(function(element) {              if( hostname.slice((-1 * element.length &#8211; 1)) === &#8218;.&#8216;.concat(element) ||  hostname === element ) {                  result = true;              }          });          return result;        }      };      if (window.addEventListener) {        window.addEventListener(&#8222;message&#8220;, handleIFrameMessage, false);      } else if (window.attachEvent) {        window.attachEvent(&#8222;onmessage&#8220;, handleIFrameMessage);      }      [\/tcb-script]<\/p>\n<p>Copyright \u00a9 20\u200b22<span style=\"color: rgb(167, 167, 167);\"><a href=\"https:\/\/susannescheike.de\/?page_id=100\" style=\"outline: none;\" target=\"_blank\" rel=\"noopener\"><span>Impressum &amp; Datenschutzerkl\u00e4rung<\/span><\/a><\/span><\/p>\n","protected":false},"excerpt":{"rendered":"<p>Dein kostenloses Beratungsgespr\u00e4chBitte f\u00fclle dieses kurze Formular aus, damit ich wei\u00df, wie ich dir helfen kann: [tcb-script type=&#8220;text\/javascript&#8220;] var ifr = document.getElementById(&#8222;JotFormIFrame-221491654710049&#8220;); if (ifr) { var src = ifr.src; var iframeParams = []; if (window.location.href &amp;&amp; window.location.href.indexOf(&#8222;?&#8220;) &gt; -1) { iframeParams = iframeParams.concat(window.location.href.substr(window.location.href.indexOf(&#8222;?&#8220;) + 1).split(&#8218;&amp;&#8216;)); } if (src &amp;&amp; src.indexOf(&#8222;?&#8220;) &gt; -1) { iframeParams = [&hellip;]<\/p>\n","protected":false},"author":1,"featured_media":0,"parent":0,"menu_order":0,"comment_status":"closed","ping_status":"closed","template":"","meta":{"footnotes":""},"class_list":["post-47","page","type-page","status-publish","hentry"],"_links":{"self":[{"href":"https:\/\/susannescheike.de\/index.php?rest_route=\/wp\/v2\/pages\/47","targetHints":{"allow":["GET"]}}],"collection":[{"href":"https:\/\/susannescheike.de\/index.php?rest_route=\/wp\/v2\/pages"}],"about":[{"href":"https:\/\/susannescheike.de\/index.php?rest_route=\/wp\/v2\/types\/page"}],"author":[{"embeddable":true,"href":"https:\/\/susannescheike.de\/index.php?rest_route=\/wp\/v2\/users\/1"}],"replies":[{"embeddable":true,"href":"https:\/\/susannescheike.de\/index.php?rest_route=%2Fwp%2Fv2%2Fcomments&post=47"}],"version-history":[{"count":9,"href":"https:\/\/susannescheike.de\/index.php?rest_route=\/wp\/v2\/pages\/47\/revisions"}],"predecessor-version":[{"id":146,"href":"https:\/\/susannescheike.de\/index.php?rest_route=\/wp\/v2\/pages\/47\/revisions\/146"}],"wp:attachment":[{"href":"https:\/\/susannescheike.de\/index.php?rest_route=%2Fwp%2Fv2%2Fmedia&parent=47"}],"curies":[{"name":"wp","href":"https:\/\/api.w.org\/{rel}","templated":true}]}}